{"version":"1.0","provider_name":"Golandpop","provider_url":"https:\/\/golandpop.com","author_name":"Gol&amp;Pop","author_url":"https:\/\/golandpop.com\/index.php\/author\/admin\/","title":"Belgrano: Acosta finalmente dijo adi\u00f3s y vestir\u00e1 de Granate - Golandpop","type":"rich","width":600,"height":338,"html":"<blockquote class=\"wp-embedded-content\" data-secret=\"dlTgO6l31X\"><a href=\"https:\/\/golandpop.com\/index.php\/2020\/07\/03\/belgrano-lucas-acosta-dijo-adios-lanus-granate\/\">Belgrano: Acosta finalmente dijo adi\u00f3s y vestir\u00e1 de Granate<\/a><\/blockquote><iframe sandbox=\"allow-scripts\" security=\"restricted\" src=\"https:\/\/golandpop.com\/index.php\/2020\/07\/03\/belgrano-lucas-acosta-dijo-adios-lanus-granate\/embed\/#?secret=dlTgO6l31X\" width=\"600\" height=\"338\" title=\"&#8220;Belgrano: Acosta finalmente dijo adi\u00f3s y vestir\u00e1 de Granate&#8221; &#8212; Golandpop\" data-secret=\"dlTgO6l31X\" frameborder=\"0\" marginwidth=\"0\" marginheight=\"0\" scrolling=\"no\" class=\"wp-embedded-content\"><\/iframe><script type=\"text\/javascript\">\n\/* <![CDATA[ *\/\n\/*! This file is auto-generated *\/\n!function(d,l){\"use strict\";l.querySelector&&d.addEventListener&&\"undefined\"!=typeof URL&&(d.wp=d.wp||{},d.wp.receiveEmbedMessage||(d.wp.receiveEmbedMessage=function(e){var t=e.data;if((t||t.secret||t.message||t.value)&&!\/[^a-zA-Z0-9]\/.test(t.secret)){for(var s,r,n,a=l.querySelectorAll('iframe[data-secret=\"'+t.secret+'\"]'),o=l.querySelectorAll('blockquote[data-secret=\"'+t.secret+'\"]'),c=new RegExp(\"^https?:$\",\"i\"),i=0;i<o.length;i++)o[i].style.display=\"none\";for(i=0;i<a.length;i++)s=a[i],e.source===s.contentWindow&&(s.removeAttribute(\"style\"),\"height\"===t.message?(1e3<(r=parseInt(t.value,10))?r=1e3:~~r<200&&(r=200),s.height=r):\"link\"===t.message&&(r=new URL(s.getAttribute(\"src\")),n=new URL(t.value),c.test(n.protocol))&&n.host===r.host&&l.activeElement===s&&(d.top.location.href=t.value))}},d.addEventListener(\"message\",d.wp.receiveEmbedMessage,!1),l.addEventListener(\"DOMContentLoaded\",function(){for(var e,t,s=l.querySelectorAll(\"iframe.wp-embedded-content\"),r=0;r<s.length;r++)(t=(e=s[r]).getAttribute(\"data-secret\"))||(t=Math.random().toString(36).substring(2,12),e.src+=\"#?secret=\"+t,e.setAttribute(\"data-secret\",t)),e.contentWindow.postMessage({message:\"ready\",secret:t},\"*\")},!1)))}(window,document);\n\/* ]]> *\/\n<\/script>\n","thumbnail_url":"https:\/\/golandpop.com\/wp-content\/uploads\/2020\/07\/lucas-acosta-belgrano.jpg","thumbnail_width":630,"thumbnail_height":405,"description":"El ahora ex jugador de Belgrano de C\u00f3rdoba, Lucas Acosta anunci\u00f3 a trav\u00e9s de sus redes sociales que dejar\u00eda el club al finalizar se contrato con la instituci\u00f3n Pirata para vestirse de Granate. Por Fabiana Vel\u00e1zquez El retiro de Juan Carlos Olave le dio la oportunidad a Acosta de ser titular desde el 11 de [&hellip;]"}

Belgrano: Acosta finalmente dijo adiós y vestirá de Granate - Golandpop

<blockquote class="wp-embedded-content" data-secret="dlTgO6l31X"><a href="https://golandpop.com/index.php/2020/07/03/belgrano-lucas-acosta-dijo-adios-lanus-granate/">Belgrano: Acosta finalmente dijo adiós y vestirá de Granate</a></blockquote><iframe sandbox="allow-scripts" security="restricted" src="https://golandpop.com/index.php/2020/07/03/belgrano-lucas-acosta-dijo-adios-lanus-granate/embed/#?secret=dlTgO6l31X" width="600" height="338" title="&#8220;Belgrano: Acosta finalmente dijo adiós y vestirá de Granate&#8221; &#8212; Golandpop" data-secret="dlTgO6l31X" frameborder="0" marginwidth="0" marginheight="0" scrolling="no" class="wp-embedded-content"></iframe><script type="text/javascript">
/* <![CDATA[ */
/*! This file is auto-generated */
!function(d,l){"use strict";l.querySelector&&d.addEventListener&&"undefined"!=typeof URL&&(d.wp=d.wp||{},d.wp.receiveEmbedMessage||(d.wp.receiveEmbedMessage=function(e){var t=e.data;if((t||t.secret||t.message||t.value)&&!/[^a-zA-Z0-9]/.test(t.secret)){for(var s,r,n,a=l.querySelectorAll('iframe[data-secret="'+t.secret+'"]'),o=l.querySelectorAll('blockquote[data-secret="'+t.secret+'"]'),c=new RegExp("^https?:$","i"),i=0;i<o.length;i++)o[i].style.display="none";for(i=0;i<a.length;i++)s=a[i],e.source===s.contentWindow&&(s.removeAttribute("style"),"height"===t.message?(1e3<(r=parseInt(t.value,10))?r=1e3:~~r<200&&(r=200),s.height=r):"link"===t.message&&(r=new URL(s.getAttribute("src")),n=new URL(t.value),c.test(n.protocol))&&n.host===r.host&&l.activeElement===s&&(d.top.location.href=t.value))}},d.addEventListener("message",d.wp.receiveEmbedMessage,!1),l.addEventListener("DOMContentLoaded",function(){for(var e,t,s=l.querySelectorAll("iframe.wp-embedded-content"),r=0;r<s.length;r++)(t=(e=s[r]).getAttribute("data-secret"))||(t=Math.random().toString(36).substring(2,12),e.src+="#?secret="+t,e.setAttribute("data-secret",t)),e.contentWindow.postMessage({message:"ready",secret:t},"*")},!1)))}(window,document);
/* ]]> */
</script>

El ahora ex jugador de Belgrano de Córdoba, Lucas Acosta anunció a través de sus redes sociales que dejaría el club al finalizar se contrato con la institución Pirata para vestirse de Granate. Por Fabiana Velázquez El retiro de Juan Carlos Olave le dio la oportunidad a Acosta de ser titular desde el 11 de [&hellip;]
